*j**3 - 12*j**2 + 24*j - 72. What is q(3)?
-513
Let p(g) = -3084*g + 224262. Give p(73).
-870
Let t(s) = 3*s**2 + 321*s - 103754. What is t(-247)?
-14
Let z(f) = -19*f**3 + 12*f**2 - 1352*f + 2695. Calculate z(2).
-113
Let w(p) = p**2 - 82*p + 168. Determine w(73).
-489
Let f(h) = -15799*h**2 + 15751*h. Determine f(1).
-48
Let z(y) = -2*y**2 - 48653*y + 389332. Calculate z(8).
-20
Let d(q) = 3351*q - 522751. Calculate d(156).
5
Let o(c) = -c**2 - 12207*c + 195558. What is o(16)?
-10
Let w(u) = -451*u - 128084. Calculate w(-284).
0
Let f(t) = 21080*t + 379173. Give f(-18).
-267
Let s(j) = -4*j**2 - 463*j + 100. Give s(-116).
-16
Let j(q) = q**2 - 514*q + 26609. What is j(56)?
961
Let n(c) = 61*c**2 + 1944*c - 271. Give n(-32).
-15
Let p(s) = -s**2 - 26749*s - 11. Give p(0).
-11
Let d(g) = 4*g**3 - 288*g**2 + g - 300. Determine d(72).
-228
Let a(x) = -x**3 - 16*x**2 - 151*x - 1785. Give a(-14).
-63
Let y(z) = 38*z**2 - 328*z - 549. Calculate y(-2).
259
Let h(b) = b**3 - 36*b**2 + 278*b + 35. Calculate h(25).
110
Let q(k) = -45*k**3 + 58*k**2 - 99*k + 9. Calculate q(2).
-317
Let n(a) = -53982*a + 701771. Determine n(13).
5
Let x(q) = 875949*q + 14891142. What is x(-17)?
9
Let k(m) = -3*m**2 - 348*m - 4108. Give k(-102).
176
Let o(f) = 17*f**3 - 207*f**2 - 13*f + 593. Calculate o(12).
5
Let u(f) = -41213*f + 206055. Determine u(5).
-10
Let i(d) = -d**3 + 231*d**2 - 1122*d - 1685. Determine i(226).
123
Let q(b) = 41*b**2 - 758*b - 484. Determine q(19).
-85
Let z(j) = -j**2 - 5217*j - 67621. Calculate z(-13).
31
Let l(k) = 15*k**2 - 2629*k + 1133. Calculate l(175).
433
Let g(s) = -s**2 + 546*s - 72937. Calculate g(313).
-8
Let h(k) = -101*k - 6302. Determine h(-82).
1980
Let k(y) = -1170*y + 18836. Determine k(16).
116
Let f(a) = -4*a**2 + 202*a - 862. Give f(8).
498
Let q(w) = w**3 - 256*w**2 - 1926*w + 22305. Determine q(263).
-50
Let a(c) = -1494*c - 143362. What is a(-96)?
62
Let g(b) = 360381*b - 19820952. Give g(55).
3
Let o(x) = 276915*x + 5261382. Give o(-19).
-3
Let f(l) = l**3 - l**2 - 88*l + 731. What is f(11)?
973
Let t(a) = -29911*a + 1675009. Give t(56).
-7
Let m(s) = -383*s**2 + 1409*s - 1403. Calculate m(1).
-377
Let k(f) = -4*f**3 - 19*f**2 - 29*f + 17. Determine k(-2).
31
Let l(g) = -g**2 - 792*g + 32405. Determine l(39).
-4
Let s(d) = 3*d**3 - 755*d**2 - 242*d - 2524. Give s(252).
-4
Let v(g) = 102*g**3 + 514*g**2 - 16*g - 176. Determine v(-5).
4
Let o(y) = -2584*y + 142126. Determine o(55).
6
Let s(x) = 2*x**3 + 9*x**2 - 380*x + 754. Calculate s(13).
1729
Let u(m) = m**2 - 192*m + 8635. Determine u(120).
-5
Let f(j) = 138326*j + 276646. Give f(-2).
-6
Let k(n) = -72*n + 5954. Determine k(76).
482
Let a(q) = -17041*q - 170364. What is a(-10)?
46
Let r(o) = 9*o - 661. What is r(83)?
86
Let x(t) = -2*t**3 + 15*t**2 - 82*t - 70. Calculate x(7).
-595
Let g(c) = 106*c**2 - 10696*c + 20006. Determine g(99).
8
Let r(l) = -1483*l + 387046. Determine r(261).
-17
Let m(q) = q**3 + 781*q**2 - 36309*q + 415. What is m(44)?
19
Let s(w) = 115*w**2 + 234*w + 1087. Calculate s(-4).
1991
Let z(i) = -5*i**3 + 11*i**2 - 26*i + 28. Determine z(8).
-2036
Let z(p) = p**3 - 39*p**2 - 381*p + 17369. Give z(36).
-235
Let w(t) = 4*t**3 + 218*t**2 - 232*t - 6717. Determine w(-55).
-7
Let h(j) = 7505*j - 55205. What is h(7)?
-2670
Let h(j) = -j**3 + 37*j**2 - 69*j + 4118. What is h(38)?
52
Let r(d) = -18*d**3 + 614*d**2 - 73*d + 161. Determine r(34).
-9
Let x(o) = 9*o**3 + 12747*o**2 + 29694*o + 32. What is x(-1414)?
32
Let h(d) = -5997*d - 23704. Calculate h(-4).
284
Let o(j) = 68583*j + 37514907. Give o(-547).
6
Let q(b) = -2778*b**2 - 1118*b - 1108. Give q(-1).
-2768
Let p(k) = 157*k**3 + k**2 + 43*k - 2. Determine p(-2).
-1340
Let u(f) = -4*f**2 - 2753*f - 442614. Determine u(-256).
10
Let k(c) = c**3 - 36*c**2 - 106*c + 2195. What is k(37)?
-358
Let h(t) = -t**2 + 313*t - 16498. Calculate h(55).
-2308
Let m(t) = -2*t**3 + 354*t**2 + 15*t - 2859. Give m(177).
-204
Let u(k) = 2*k**3 + 126*k**2 + 1543*k - 2430. Calculate u(-19).
21
Let h(t) = -t**2 - 23232*t - 162566. What is h(-7)?
9
Let l(r) = -8552*r + 230892. What is l(27)?
-12
Let l(u) = 2171*u - 36840. What is l(17)?
67
Let h(k) = -k**3 - 77874*k + 155746. What is h(2)?
-10
Let v(k) = k**2 - 2580*k - 38918. Calculate v(-15).
7
Let n(x) = x**3 - 124*x**2 + 508*x - 3320. Give n(120).
40
Let m(s) = -630590*s + 6305863. What is m(10)?
-37
Let m(p) = 2386*p**2 - 40521*p - 701. Calculate m(17).
-4
Let h(a) = -381*a**2 + 254*a - 502. Calculate h(2).
-1518
Let j(d) = -55657*d + 3172450. Calculate j(57).
1
Let r(u) = -1358*u - 8924. Calculate r(-7).
582
Let s(h) = 70*h + 1074. Give s(16).
2194
Let b(f) = -579*f - 42275. What is b(-73)?
-8
Let k(o) = 27189*o + 244873. Give k(-9).
172
Let j(a) = -233*a + 24711. Calculate j(107).
-220
Let o(j) = -4713*j + 834180. Give o(177).
-21
Let x(b) = -322*b + 1323. Give x(5).
-287
Let d(l) = 60*l**2 + 296*l - 1373. Calculate d(4).
771
Let h(c) = c**2 + 332*c + 10658. Give h(-296).
2
Let x(z) = 360012*z + 5400149. Give x(-15).
-31
Let u(w) = -w**2 - 22060*w - 2392626. What is u(-109)?
33
Let c(s) = -35*s**3 - 97*s**2 + 424*s + 1170. Determine c(-3).
-30
Let y(i) = 492*i + 138732. What is y(-281)?
480
Let f(i) = i**3 - 8*i**2 - 199*i + 1107. Give f(6).
-159
Let d(r) = r**3 - 227*r**2 + 899*r - 1378. Calculate d(223).
183
Let p(s) = 87*s**2 - 14431*s - 16344. Determine p(167).
22
Let z(q) = q**3 - 67*q**2 + 427*q + 16529. What is z(53)?
-166
Let x(n) = -3*n**2 + 4690*n - 18693. Give x(4).
19
Let s(f) = 36*f**2 + 1654*f + 4940. Determine s(-3).
302
Let u(z) = 42*z - 3591. What is u(65)?
-861
Let a(i) = i**3 + 57*i**2 - 1935*i + 187. Determine a(-81).
-542
Let h(y) = -9*y**2 + 24*y + 638. Calculate h(-7).
29
Let y(m) = 4*m**3 - 67*m**2 + 110*m - 82. Give y(14).
-698
Let t(d) = -d**3 + 4*d**2 + 20*d. Determine t(-7).
399
Let u(p) = -p**3 + 20*p**2 - 14*p + 4146. Determine u(25).
671
Let j(f) = 8*f**3 - 998*f**2 - 234*f - 240. Calculate j(125).
1760
Let x(o) = -o**3 - 26*o**2 - 2094*o - 54434. Determine x(-26).
10
Let m(f) = -19*f**2 + 1986*f + 940. Give m(105).
-5
Let f(g) = 1176*g + 289289. Determine f(-246).
-7
Let z(m) = 380555*m + 6088893. Determine z(-16).
13
Let u(a) = 18*a**3 + 452*a**2 + 1840*a + 6. What is u(-20)?
6
Let v(l) = l**3 - 102*l**2 - 106*l + 256. Determine v(103).
-53
Let d(n) = 2*n**3 + 9*n**2 - 122*n - 7. Determine d(-10).
113
Let i(o) = -2*o**3 - o**2 + 9*o + 659. What is i(0)?
659
Let m(t) = -t**3 + 51*t**2 + 231*t - 17329. What is m(49)?
-1208
Let t(x) = x**2 + 209*x - 15398. What is t(-253)?
-4266
Let c(b) = 9264*b + 166829. Calculate c(-18).
77
Let k(y) = -y**3 - 34*y**2 - 52*y - 339. Give k(-33).
288
Let y(j) = 15*j**2 - 2583*j - 2183. Calculate y(173).
-107
Let k(o) = -644*o - 7666. What is k(-12)?
62
Let n(v) = -2*v**3 + 174*v**2 + 2289*v - 1052. Determine n(-12).
-8
Let p(f) = 2*f**3 - 27*f**2 - 85*f + 2050. Give p(-8).
-22
Let d(b) = -13*b**2 + 335*b - 19. What is d(26)?
-97
Let k(u) = -9*u**3 - 184*u**2 - 106*u - 4426. Determine k(-21).
5
Let h(w) = 6361*w - 4115539. Give h(647).
28
Let j(p) = -p**3 + 195*p**2 - 165*p - 42573. Calculate j(193).
80
Let r(o) = 50*o**2 - 362*o - 323. What is r(8)?
-19
Let z(v) = 24102*v - 96416. Determine z(4).
-8
Let x(t) = 2*t**2 - 157*t - 2700. Calculate x(93).
-3
Let x(b) = 748*b - 2390. What is x(3)?
-146
Let d(w) = -w**3 + 591*w**2 - 5915*w + 61008. What is d(581)?
3
Let a(v) = -v**3 - 762*v**2 + 1580*v + 39658. What is a(-764)?
-70
Let f(n) = n**2 + 226*n - 380354. Determine f(514).
6
Let w(a) = -a**3 + 2028*a**2 - 16174*a + 117. Determine w(8).
5
Let y(m) = -102*m + 1180. Determine y(17).
-554
Let u(d) = 22735*d + 432444. Calculate u(-19).
479
Let y(z) = 561*z**2 - 10*z + 9. What is y(1)?
560
Let l(i) = -8*i**3 + 82*i**2 + 65*i - 17. What is l(-1)?
8
Let z(n) = -n**2 + 6373*n + 134273. Calculate z(-21).
-1
Let n(x) = -695*x - 109808. Calculate n(-158).
2
Let i(y) = 4*y**2 - 298*y + 4224. Give i(19).
6
Let j(d) = -6*d**3 + 56*d**2 + 136*d - 1062. Calculate j(6).
474
Let t(u) = -5*u**3 - 47*u**2 - 13*u + 23. What is t(-6)?
-511
Let b(m) = 410*m - 3157. Determine b(9).
533
Let y(m) = m**3 - 190*m**2 - 344*m - 274. Calculate y(192).
7406
Let u(y) = 4*y**3 + 3*y**2 - 119*y - 381. Give u(-4).
-113
Let l(p) =